 c(t) = t**3 - 3*t**2 - 2*t + 4. Let u be c(3). What is the remainder when 17 is divided by u/11 + (-1212)/(-132)?
8
Let v = -41 - -81. Calculate the remainder when ((-848)/v)/((-2)/5) is divided by 14.
11
Suppose -14 = 2*s - 4*s. Calculate the remainder when s is divided by (4/(-6))/(2/(-6)).
1
Let z = 92 + -73. What is the remainder when 55 is divided by z?
17
Let y(a) = a**3 + 8*a**2 + 6*a - 3. Let c be y(-7). Let n(h) = 22*h + 1. What is the remainder when n(c) is divided by 30?
29
Suppose -s + f + 1 = -8, -s - 1 = f. Suppose 1 = -a + 6, 97 = 2*b + 5*a. Let g = b + -25. Calculate the remainder when g is divided by s.
3
Let w be 1/2*(-8 - -8). Suppose -3*p + 7*p - 4 = w, -3*p = u - 30. What is the remainder when u is divided by 15?
12
Let k(i) = 25*i**2 - 2*i - 26. Calculate the remainder when k(-4) is divided by 16.
14
Let n(x) = x**2 + 5*x - 2. Suppose -2*y + 6*g - 3*g + 21 = 0, -2*g = 3*y + 1. Suppose 16 = k - y*k. What is the remainder when n(k) is divided by 12?
10
Let u = 102 - 67. Let m be 27*(16/6 - 2). Suppose -4*c = -18 - m. Calculate the remainder when u is divided by c.
8
Let k = -96 + 90. Suppose -16 = f + f. Calculate the remainder when (-228)/f*(-8)/k is divided by 20.
18
Suppose 3*k - 19 = -1. Suppose -2*x + k = x. Suppose x*j - 18 = 8. Calculate the remainder when 37 is divided by j.
11
Let f = 148 + -110. What is the remainder when f is divided by 20?
18
Suppose 8 - 50 = -2*w. What is the remainder when 122 is divided by w?
17
Suppose 5*a - 17 = 4*a + 4*j, -5*j - 15 = 0. Let c(n) = 10*n - 2. What is the remainder when c(2) is divided by a?
3
Let c be (-2 - (-6 - 3))*1. Suppose 31 = 4*k + c. Calculate the remainder when 9 is divided by k.
3
Let l(r) = 4*r - 27. What is the remainder when l(14) is divided by 10?
9
Suppose -10 = 2*f, -f + 2*f - 7 = -4*n. Calculate the remainder when n is divided by 2.
1
Suppose 5*s + 2*d + d - 93 = 0, 2*s - 3*d = 33. Let g(j) = j**3 + 17*j**2 - 23*j - 20. What is the remainder when g(-18) is divided by s?
16
Let w = -285 + 302. Let h = 91 + -26. Calculate the remainder when h is divided by w.
14
Let t = -25 - -38. Let s = -2 + 2. Suppose q = -s*q + t. What is the remainder when q is divided by 5?
3
Let y(w) = -w**3 + w**2 + w + 4. Suppose -5*v = -2*v. What is the remainder when y(v) is divided by 3?
1
Let f be (-2 + (23 - 3))/1. Let l = -6 + f. What is the remainder when l is divided by 3?
0
Suppose j - 1 = 2. Suppose -24 = -j*v + 4*g, 4*g - g = 9. Calculate the remainder when 47 is divided by v.
11
Calculate the remainder when 28 is divided by ((-40)/(-6))/(32/48).
8
Suppose -176 = -4*f + 4*m, 0*f + 4*f - 131 = -5*m. What is the remainder when f is divided by 28?
11
Suppose -3 = n + 3. Let d(h) = -h**3 - 7*h**2 - 7*h + 4. Calculate the remainder when (27/2)/((-12)/(-16)) is divided by d(n).
8
Let f(v) = 3*v + 19. Let c(u) = -u**3 + u + 12. Calculate the remainder when f(5) is divided by c(0).
10
Let x(p) = -p**3 + 7*p**2 + 11*p - 12. Let j be x(8). Let k = j - 6. What is the remainder when k is divided by 4?
2
Let h = -84 - -94. What is the remainder when 23 is divided by h?
3
Suppose -3*y - 20 = -2*m, 0 + 4 = 3*m + 2*y. Let p = 11 + m. Calculate the remainder when p is divided by 8.
7
Suppose -5*l + 8 = -l. Suppose l*g + 3*j = 71, 32 = g + 5*j - 14. Calculate the remainder when g is divided by 17.
14
Suppose -4*n - 3 = -7. Let s(f) = 22*f. What is the remainder when s(n) is divided by 12?
10
Let j(t) = -t**3 - t**2 + 4*t. Let g be j(-3). Let x = -6 + g. Suppose 2*k - k - 24 = x. What is the remainder when k is divided by 9?
6
Let q = 5 + -2. Suppose 12 = -2*y + q*y. What is the remainder when 22 is divided by y?
10
Let y(b) = 14 - 3 - 1 - b. Suppose -l + 2*l - 29 = -5*r, -3*l - 3 = -3*r. Calculate the remainder when r is divided by y(7).
2
Let x = 166 - 106. Calculate the remainder when x is divided by 21.
18
Suppose 2*g + 0*g = 24. Suppose 13 = -z + 7. Let p(l) = -l**2 - 9*l - 11. Calculate the remainder when g is divided by p(z).
5
Suppose -22 = -2*n - 4*z - 78, n = 2*z - 48. Calculate the remainder when (n/6)/(6/(-18)) is divided by 5.
4
Let k(x) = 17*x + 2. Calculate the remainder when 37 is divided by k(1).
18
Let v(f) = -17*f**3 - 9*f**2 + 4*f + 7. Let l(m) = 4*m**3 + 2*m**2 - m - 2. Let d(u) = 9*l(u) + 2*v(u). Calculate the remainder when d(3) is divided by 12.
11
What is the remainder when ((3 - 1) + 37)/1 is divided by 20?
19
Let h(c) = -c**3 - 5*c**2 - 2*c + 1. Suppose 0 = 4*q - 3*q - 31. What is the remainder when q is divided by h(-5)?
9
Let o be (-11)/((-33)/(-18)) + 3. What is the remainder when 13 is divided by 7 + o/(1/1)?
1
Let h(f) = f + 9. What is the remainder when 39 is divided by h(5)?
11
Suppose 2*i - 28 = 4*i. Let m = i + 39. Let s = 14 + -5. Calculate the remainder when m is divided by s.
7
Let t(k) = 0*k**2 + 1 + k**3 - 2 + 5*k**2 + k. Let n be -4 + (-3)/(-3 + 0). Calculate the remainder when 26 is divided by t(n).
12
Let p(q) = 2 + 0*q + 2*q**2 + 2*q - 7*q**2 + q**3 + 2*q**2. What is the remainder when p(2) is divided by 2?
0
Let m = -2 + 23. What is the remainder when 59 is divided by m?
17
Suppose -f = -3*k + 10, 0 = k + k - 2*f. Let j be ((-9)/6)/(3/4). What is the remainder when k is divided by j/(-3) - 7/(-3)?
2
Suppose 95 = p + 4*p. Suppose -o = -l - 0*o + 11, -5*o = l - 5. Calculate the remainder when p is divided by l.
9
Suppose y + 76 = 3*y. Calculate the remainder when 112 is divided by y.
36
Suppose -192 + 808 = 4*b - 5*y, 0 = 2*y - 8. What is the remainder when b is divided by 55?
49
Let w = 12 + -19. Let z = w - -19. What is the remainder when 47 is divided by z?
11
Let b = 0 - -1. Let y(h) be the first derivative of 20*h**3/3 + h - 1. Calculate the remainder when y(b) is divided by 11.
10
Suppose 31 = 5*g - 34. Let l = 13 + g. What is the remainder when l is divided by 14?
12
Suppose 0 = 3*b + b - 12. Suppose b*c - 13 = 2*c. What is the remainder when 25 is divided by c?
12
Let i be 2/(-9) + (-112)/(-18). Suppose -3*g + 2*g = -5. Calculate the remainder when g is divided by 0*2/i + 2.
1
Let k = 104 + -52. What is the remainder when 205 is divided by k?
49
Let y be 8/6*(1 - -2). Let x be (20/25)/(y/10). Suppose x*p - 7 = 5. Calculate the remainder when p is divided by 4.
2
Let m be (-1)/(-4) + (-2312)/32. Let a = m - -139. Calculate the remainder when a is divided by 14.
11
Let i = 18 + -12. Calculate the remainder when 10 is divided by i.
4
Let i(r) = r**3 - 10*r**2 - r + 14. Suppose 0 = -d - 5*s + 2*s + 1, -4*s - 12 = 0. What is the remainder when i(d) is divided by 3?
1
Suppose 0 = 4*o - 8, -3*a + 141 = -4*o + o. What is the remainder when a is divided by 13?
10
Let u be (1/(-1) - 2)/(-1). Calculate the remainder when 31 is divided by 1/((-2)/(-16)) + u.
9
Let u be (2 + -7)*4/(-10). Let y(x) = x**3 + 2*x**2 - 4*x + 2. Calculate the remainder when 38 is divided by y(u).
8
Let i = -77 - -118. Calculate the remainder when (-3)/9*i*-3 is divided by 21.
20
Suppose -4 = -5*n + 16. Suppose h - 9*h = -136. What is the remainder when (n/6)/((-1)/(-48)) is divided by h?
15
Let p be 0/(-3 + 2) - -10. Let z(s) = -s + 5. Let q be z(3). Suppose -3*b + 0*l = -q*l - 11, 0 = 4*b - 5*l - p. What is the remainder when b is divided by 3?
2
Suppose 2*w = 5*d + 7, 0 = 5*d - 1 - 4. Suppose -j - 4*k - 16 = -5*j, 11 = 3*j - 2*k. What is the remainder when w is divided by j?
0
Let w = -45 + 79. Calculate the remainder when 99 is divided by w.
31
Suppose 0 = 3*s, 3*s + 2*s = -5*l + 30. What is the remainder when 23 is divided by l?
5
Suppose -15 = -5*y - 0. What is the remainder when 46 is divided by y?
1
Suppose 16 + 248 = 6*f. Calculate the remainder when 170 is divided by f.
38
Let j(l) = l**3 - 3*l**2 - 2*l - 4. What is the remainder when 69 is divided by j(5)?
33
Let i(l) = -l + 6. Calculate the remainder when 51 is divided by i(-12).
15
Suppose -z - 4*f = -6*z + 75, 0 = z - 4*f + 1. Suppose 4*d - 5*a - 165 = 0, -4*a = 4*d - 57 - 63. Calculate the remainder when d is divided by z.
16
Let s = 5 + -8. Let a be 1 - s/2*2. Suppose a*v - v = 66. Calculate the remainder when v is divided by 12.
10
Calculate the remainder when ((-12)/5)/(1/(-25)) is divided by 21.
18
Let x(w) = w + 10. Calculate the remainder when 89 is divided by x(0).
9
Suppose 0 = -2*y - 5 + 75. Suppos